 the remainder when 27 is divided by p?
13
Let w(c) = 6*c**3 + 3*c - 1. What is the remainder when w(2) is divided by 27?
26
Let s(v) = -6*v + 49. Calculate the remainder when 46 is divided by s(6).
7
Suppose -4*y = -2*y - 8. Suppose -204 = -y*c + 4*a, 5*c - 93 = 4*a + 165. Let n = c - 2. Calculate the remainder when n is divided by 18.
16
Suppose -2*y - 2 + 7 = -5*o, -4*o = 2*y + 4. What is the remainder when 26 is divided by 36/4*(y + 1)?
8
Suppose -27*l + 32*l = 770. Calculate the remainder when l is divided by 31.
30
Let b(c) = -c**3 - 10*c**2 + 2*c + 8. Let p be b(-10). Let j = p - -18. What is the remainder when 22 is divided by j?
4
Let s(r) = 4*r - 6. Let n be s(4). Let b = n + 30. Let a(c) = -c**3 + 10*c**2 + 14. Calculate the remainder when b is divided by a(10).
12
Suppose 12 = -3*r, 0 = 3*x + r - 2. Suppose 6*n - n - 25 = 0. Suppose n*t - 3*o = 62, -x*t + 4*o + 36 = -0*o. Calculate the remainder when 18 is divided by t.
8
Suppose 3*k + 1 - 39 = -2*j, 0 = 3*k + 4*j - 34. What is the remainder when k is divided by ((-10)/4)/(1/(-2))?
4
Let r = 30 + -18. What is the remainder when (-118)/(-5) - (-18)/(-30) is divided by r?
11
Let a = -2 + 19. Let d = -14 + a. Calculate the remainder when d is divided by 2.
1
Let d(t) = t**3 - 2*t**2 + 2*t - 2. Suppose 2*f + x + 17 = 6*x, -4*f = x - 21. What is the remainder when f is divided by d(2)?
0
Let f(w) = -5*w**2 - 16*w + 1. Calculate the remainder when f(-3) is divided by 3.
1
Let p(a) = -7*a + 1. What is the remainder when 23 is divided by p(-1)?
7
Let o = -9 + 21. Let g = 26 + -16. What is the remainder when 55/(-2)*(-8)/g is divided by o?
10
Let i(x) = -5*x + 3*x + x. Let b = 7 + -10. Calculate the remainder when 8 is divided by i(b).
2
Suppose 2*u - 5*l + 2*l - 79 = 0, u - 42 = 2*l. Calculate the remainder when 58 is divided by u.
26
Suppose -8*s + 10*s - 4 = 0. Suppose 5*q = 3*a - 40, 2*a = s*q + 39 - 11. Let j(n) = -3*n**3 - 4*n - 3. What is the remainder when j(-2) is divided by a?
14
Suppose -5*i + 4*j = 3*j - 1447, 4*i - 3*j = 1151. Suppose -i = -4*r - r. Suppose 5*s + 8 = r. Calculate the remainder when 18 is divided by s.
8
Let s(k) = k + 98. Let l be s(0). Suppose -4*z + l + 154 = 0. Calculate the remainder when z is divided by 22.
19
Let q(y) = -5*y**2 - 32. Let g(v) = v**2 + 8. Let p(w) = 9*g(w) + 2*q(w). Calculate the remainder when p(0) is divided by 3.
2
Let u = -2 - -5. What is the remainder when 31 is divided by (2/u)/(5/120)?
15
Let r(a) = -a**2 - 11*a + 1. Calculate the remainder when r(-9) is divided by (7/4)/(3/12).
5
Let l(c) = -4*c + 3. Let s be l(-6). Suppose s = 6*g - 3*g. Calculate the remainder when 16 is divided by g.
7
Let h = 4 + 16. What is the remainder when 78 is divided by h?
18
Suppose x - c = 28, -5*c + 25 = -10*c. Calculate the remainder when 67 is divided by x.
21
Let d be 0 + (1 - (-24)/2). Suppose 3*p = -f + d - 4, -4*p = -4*f - 28. Let t = 17 - f. What is the remainder when 38 is divided by t?
18
Let s = 168 - 59. Calculate the remainder when s is divided by ((88/(-6))/(-2))/(4/12).
21
Suppose -45 = -0*a - 5*a. Let b(t) = -t**3 - 10*t**2 - 10*t + 7. What is the remainder when b(-9) is divided by a?
7
Suppose -q - 5*r = 8, 0 = 4*q + 2*r + r - 36. Suppose 2*d + 3 = u, -q = -d - 3*d. Calculate the remainder when 16 is divided by u.
7
Let j(s) = s - 2. What is the remainder when 35/4 + (-11)/(-44) is divided by j(6)?
1
Let s(g) be the first derivative of -g**4/4 + 2*g**3/3 + g**2 - 2*g + 1. Calculate the remainder when s(-3) is divided by 126/10 + 6/15*1.
11
What is the remainder when (-7)/(-14) + 7/2 is divided by 2?
0
Suppose 5*b - 609 = 3*m, -2*b + 49 + 203 = -4*m. Suppose -4*t - t = -b. What is the remainder when 46 is divided by t?
22
Suppose -4*v = 2*d - 149 - 31, 0 = -4*v + 3*d + 170. Calculate the remainder when v is divided by 16.
12
Let c = 1 - -8. What is the remainder when c is divided by 21/4 + 2/(-8)?
4
Let z = 181 - 160. Calculate the remainder when 38 is divided by z.
17
Let d be 16/(-8)*1*-1. Suppose -5*p - 2*c = -88, 0*c = -d*p - 2*c + 40. Calculate the remainder when p is divided by 5.
1
Let w = -8 - -15. Let n = 3 - 4. Calculate the remainder when w is divided by 1/(-2*n/8).
3
Let m(x) = -2*x**2 + x + 1. Let j be m(2). Let o = 9 + j. What is the remainder when 11 is divided by o?
3
Suppose -3*o = 44 - 125. Suppose -4*b + 0*b = -28. Suppose 3*p + b = 49. What is the remainder when o is divided by p?
13
Let c(h) = h + 7. Let i(q) = q**2 + 6*q. Suppose -x - p - 22 = 2*p, 2*p + 17 = -x. Calculate the remainder when c(5) is divided by i(x).
5
Let d = 6 + -6. Suppose d = 3*x + 15, 5*p + 2*x = 4 + 11. Let g = -4 + 22. What is the remainder when g is divided by p?
3
Let a = 8 - 5. Suppose 3*q - 15 = -0*q. What is the remainder when q is divided by a?
2
Let v = 4 - 2. Suppose -6*i + i = 4*f + 99, -v*i = 5*f + 111. Let g = f + 49. Calculate the remainder when g is divided by 15.
13
Let o(c) = 3*c + 10. Let z be o(-8). Let y = 23 + z. Calculate the remainder when y is divided by 5.
4
Suppose -5*o - 3*v = -55, 4*o + 4*v - 11 = 3*o. Suppose -7 = -2*n - 4*k + 13, 0 = -n + 4*k - 8. What is the remainder when o is divided by n?
3
Let k = 88 - 60. Let s be -2*((-13)/(-2) + 2). Let l = k + s. Calculate the remainder when 20 is divided by l.
9
Suppose -19 - 2 = -7*j. What is the remainder when 10 is divided by j?
1
Suppose -11 - 11 = -2*w. What is the remainder when 31 is divided by w?
9
Suppose -2*l + 14 = 2*y, -4*l + 2*y = -0*y + 2. Suppose 2*o = -5*p + 108, p - 3*o = -o + 12. What is the remainder when p is divided by (-2 + 24)/l + 0?
9
Suppose 0 = -5*m + 3*q + 281, -10*q - 15 = -15*q. Calculate the remainder when m is divided by 12.
10
Suppose -47*g = -41*g - 72. Calculate the remainder when 34 is divided by g.
10
Let x = -4 + 13. What is the remainder when 41 is divided by x?
5
Let l(b) = b**3 - b**2 - 2*b. Let o be l(2). Suppose f = -3*f - 5*d + 25, o = 5*f + 4*d - 38. Calculate the remainder when f is divided by 6.
4
Let q(u) = u**2 + 3*u. Let w be q(-4). Suppose -3*z = 2*z + 4*l - 76, w*z + 4*l - 64 = 0. What is the remainder when z is divided by 1/2 - 13/(-2)?
5
Let t(b) = 2*b**2 + 8*b - 2. Let i be t(-8). Let w = -30 + i. Let g = 39 - 28. Calculate the remainder when w is divided by g.
10
Let r(g) = g**2 - g - 2. Let k be r(0). Let s be k/10 - (-55)/25. Suppose z = -s*z + 9. What is the remainder when 5 is divided by z?
2
Let s be ((-4)/(-5))/(2/5). Suppose 0 = -0*v + 3*v + 3*p + 6, -s*p + 6 = 0. Calculate the remainder when 1/v - 684/(-20) is divided by 18.
16
Let t(m) = -m**2 + 9*m - 5. What is the remainder when 2/5 + (-138)/(-5) is divided by t(5)?
13
Let y(f) = -f**3 - 2*f**2 - 7*f - 2. What is the remainder when y(-5) is divided by 28?
24
Let g(x) = x**3 + 6*x**2 + 4*x - 4. Let k be g(-4). Let h be ((-16)/k)/(2/(-3)). Suppose -56 = -3*i - h. Calculate the remainder when 35 is divided by i.
17
Let d = 480 - 468. Let h(i) = i**2 + 7. What is the remainder when d is divided by h(0)?
5
Suppose -39 = -4*q - 2*l - 3*l, -4*l = -q + 15. Let c = -5 - -3. Let u = 2 - c. Calculate the remainder when q is divided by u.
3
Calculate the remainder when 76 is divided by (14/(-21))/((-1)/30).
16
Suppose 12 = -4*b - 5*y, 3*y - 9 = 3*b - 0*b. Calculate the remainder when b/3 - 2*-3 is divided by 4.
1
Let p = 20 - 10. What is the remainder when 89 is divided by p?
9
Calculate the remainder when 1 is divided by -3 - (-3 + (-6)/3 + 1).
0
Suppose 2*k + 4*k - 108 = 0. What is the remainder when 68 is divided by k?
14
Let u = -65 + 122. What is the remainder when u is divided by 10?
7
Let p(l) be the first derivative of l**2/2 + 2*l - 1. What is the remainder when 28 is divided by p(8)?
8
Suppose k = 42 - 29. Suppose 4*c - g - 20 = 0, 3*c = -0*g + g + 16. Calculate the remainder when k is divided by c.
1
Suppose -3*v - 20 = -5*o, 0*o = 4*o - 4. Let r = v + 12. Calculate the remainder when r is divided by 4.
3
What is the remainder when 4/22 - (-559)/11 is divided by 26?
25
Let l = 10 + -6. Suppose -l*x = 2*c - 56, 2*x - 66 = -c - c. Let u = 14 + 6. What is the remainder when c is divided by u?
18
Let i = -35 + 50. Let b = i - 6. Suppose 11*n + 68 = 15*n. Calculate the remainder when n is divided by b.
8
Let m(i) be the third derivative of i**5/60 - i**4/4 -